 = 4536*c + 149845. Determine y(-33).
157
Let u(k) = 4413*k - 26273. Determine u(6).
205
Let f(q) = -233*q - 87. Calculate f(-2).
379
Let y(b) = -80*b**2 + 308*b + 16. Calculate y(6).
-1016
Let t(x) = -149944*x - 3448806. What is t(-23)?
-94
Let t(y) = 2306*y + 34635. What is t(-15)?
45
Let u(v) = -2*v**3 - 282*v**2 + 6*v + 182. Determine u(-141).
-664
Let h(g) = -3*g**3 - 106*g**2 - 657*g - 23. Calculate h(-8).
-15
Let q(g) = 3*g**3 + 309*g**2 + 5162*g - 320. Give q(-82).
8
Let b(m) = 47503*m + 95003. Determine b(-2).
-3
Let w(h) = -2894023*h + 28940236. Give w(10).
6
Let h(m) = -2*m**3 - 204*m**2 - 594*m + 66. Determine h(-99).
66
Let o(h) = 17*h**3 + 2517*h**2 + 145*h - 310. Determine o(-148).
134
Let t(v) = 5*v**2 + 54*v - 3. Give t(-25).
1772
Let j(m) = -27*m**2 - 84*m - 468. Determine j(-8).
-1524
Let l(y) = -656254*y + 656265. Calculate l(1).
11
Let u(f) = -f**2 - 8974*f + 80798. Determine u(9).
-49
Let i(n) = -n**2 + 91550*n - 457726. Give i(5).
-1
Let r(u) = -1865*u - 22621. Give r(-12).
-241
Let d(f) = 2*f**3 + 19*f**2 + 54*f + 657. Calculate d(-9).
252
Let q(s) = 2*s**3 + 380*s**2 + 1498*s + 1878. Give q(-186).
18
Let f(z) = -2214347*z - 77502151. What is f(-35)?
-6
Let o(x) = -16*x**2 + 520*x - 3126. Give o(8).
10
Let m(o) = 2*o**2 - 52*o + 415. Calculate m(9).
109
Let s(o) = -5032*o + 29861. Determine s(6).
-331
Let m(q) = -4383*q**2 - 39413*q + 299. Give m(-9).
-7
Let p(h) = h**2 + 20267*h + 506166. Calculate p(-25).
116
Let f(b) = b**2 - 119*b + 3319. What is f(46)?
-39
Let b(p) = 6*p**2 + 711*p - 2594. Determine b(-122).
-32
Let w(k) = 6*k**2 - 21*k - 33105. What is w(76)?
-45
Let z(o) = -4*o**3 - 29*o**2 + 14*o + 1. What is z(-8)?
81
Let i(b) = -1655*b - 108292. Give i(-65).
-717
Let c(j) = 1240*j**2 + 47*j - 1. Calculate c(-1).
1192
Let x(q) = -1295*q - 240869. Give x(-186).
1
Let g(a) = -1325289*a**2 + 1325304*a - 2. Give g(1).
13
Let m(v) = 13249*v + 1099649. Give m(-83).
-18
Let p(u) = -52588*u - 157774. Give p(-3).
-10
Let h(u) = 1468*u - 83609. Give h(57).
67
Let k(z) = z**3 - 2*z**2 - 526*z + 4589. Determine k(10).
129
Let o(t) = 2*t**2 - 1004599*t + 15068539. Give o(15).
4
Let w(r) = 156*r + 16909. What is w(-108)?
61
Let q(x) = -1093*x + 68870. What is q(63)?
11
Let a(r) = -153231*r - 4596922. Calculate a(-30).
8
Let f(n) = 69022*n + 1104271. What is f(-16)?
-81
Let v(f) = f**3 - 6*f**2 - 9739*f + 38983. Determine v(4).
-5
Let r(p) = -71*p**3 - 3*p**2 - 8*p - 3. Calculate r(-1).
73
Let f(o) = 1408*o + 45079. Calculate f(-32).
23
Let m(u) = -1660*u - 1298. Calculate m(0).
-1298
Let g(m) = 95*m**2 + 1951*m + 868. Give g(-20).
-152
Let y(n) = -12*n**2 - 62*n + 3986. Calculate y(-21).
-4
Let h(u) = -59510*u - 119019. Determine h(-2).
1
Let z(y) = -2*y**3 - 66*y**2 - 551*y - 54. Determine z(-18).
144
Let a(w) = 9988*w + 119866. Determine a(-12).
10
Let m(q) = 11000*q - 88040. Determine m(8).
-40
Let j(i) = -2*i**3 + 404*i**2 - 13349*i + 2602354. What is j(201)?
7
Let j(o) = -2*o**3 - 309*o**2 + 4721*o + 31. What is j(14)?
73
Let t(c) = -5*c**2 - 17111*c + 119683. Calculate t(7).
-339
Let c(z) = z**2 + 615*z - 17342. Determine c(27).
-8
Let p(x) = -2*x**2 - 671*x - 5249. What is p(-8)?
-9
Let l(h) = h**2 - 2259*h - 2393388. What is l(-786)?
-18
Let q(x) = 90*x**3 - 572*x**2 + 118*x + 11. Calculate q(6).
-433
Let g(i) = i**3 + 32*i**2 - 2167*i - 23880. Calculate g(-10).
-10
Let h(x) = -504*x**2 - 1245*x - 475. Calculate h(-2).
-1
Let z(q) = -2*q**3 - 10*q**2 - 125*q - 287. Give z(-8).
1097
Let q(y) = -2297*y + 33209. What is q(15)?
-1246
Let b(o) = 6230*o + 44042. Calculate b(-8).
-5798
Let c(u) = 38*u**2 - 8889*u + 76293. Determine c(225).
18
Let t(k) = -13*k**2 - 2291*k - 1588. What is t(-176)?
-1060
Let u(x) = x**3 - 1173*x**2 + 1222*x - 58598. What is u(1172)?
2
Let l(h) = -389*h + 40836. Determine l(104).
380
Let r(n) = -n**3 - 648*n**2 + 1107225*n + 7. What is r(777)?
7
Let p(l) = -l**3 - 37*l**2 - 161*l + 20. Determine p(-32).
52
Let y(i) = i**3 + 58*i**2 - 4*i + 1308. What is y(-58)?
1540
Let m(i) = -13099*i - 16648825. Give m(-1271).
4
Let i(w) = 80083*w - 1201127. Give i(15).
118
Let p(k) = -k**2 - 607*k + 25152. Calculate p(39).
-42
Let k(s) = 772*s + 14434. Calculate k(-19).
-234
Let x(c) = -6337*c - 266152. Determine x(-42).
2
Let b(g) = -460*g - 116374. Calculate b(-253).
6
Let r(k) = 26*k**2 + 45*k - 1171. Give r(-7).
-212
Let h(j) = -64*j**2 + 3734*j - 54403. What is h(30)?
17
Let t(x) = x**2 + 75*x - 567. Calculate t(-83).
97
Let i(b) = 3*b**3 + 32*b**2 - 3123*b - 39421. What is i(-13)?
-5
Let q(d) = -43*d**2 - 21*d - 80. Determine q(-3).
-404
Let r(u) = -838797*u + 14259545. Determine r(17).
-4
Let k(b) = -246*b + 3410. What is k(13)?
212
Let w(x) = -5*x**2 + 834*x - 4273. Determine w(5).
-228
Let h(a) = 46*a**3 + 4195*a**2 + 819*a + 317. Give h(-91).
317
Let o(g) = g**3 - 99*g**2 + 172*g + 2031. Calculate o(97).
-103
Let i(h) = -1834002*h + 12838014. Give i(7).
0
Let r(p) = 811*p - 1854. What is r(2)?
-232
Let b(j) = 3788*j - 30300. What is b(8)?
4
Let n(i) = -6*i**2 + 774*i + 773. Give n(-1).
-7
Let w(l) = -2*l**2 - 674*l + 29323. Calculate w(39).
-5
Let i(m) = m**3 - m**2 - 56*m - 158. Give i(-3).
-26
Let w(n) = -4*n**3 - 8*n**2 - 254*n - 784. Give w(-3).
14
Let z(u) = 3*u**2 + 39045*u - 39059. Give z(1).
-11
Let y(b) = b**3 - 68*b**2 - 137*b + 578. Give y(70).
788
Let a(b) = -32035*b + 2338555. Determine a(73).
0
Let r(a) = a**3 - a**2 + 43*a - 126. What is r(3)?
21
Let t(d) = d**3 + 124*d**2 + 2013*d + 1886. Give t(-105).
-4
Let k(b) = 8387*b + 561958. Determine k(-67).
29
Let x(w) = -w**3 - 13*w**2 - 65*w - 571. What is x(-11)?
-98
Let o(z) = 18*z**2 - 427*z - 147. What is o(29)?
2608
Let t(q) = -24*q**3 - 94*q**2 + 475*q + 1919. What is t(-4)?
51
Let b(u) = 2*u**3 - 67*u**2 - 2745*u + 28678. Calculate b(54).
4
Let y(z) = -780*z**2 + 4*z - 4. What is y(1)?
-780
Let y(x) = -13*x**2 - 682*x - 3873. Calculate y(-51).
-2904
Let g(l) = -115164*l - 345499. Calculate g(-3).
-7
Let z(f) = -1184*f - 14392. Determine z(-11).
-1368
Let f(d) = d**3 - 2480*d**2 + 92802*d - 224. Calculate f(38).
4
Let o(m) = -24859*m + 1068957. What is o(43)?
20
Let m(h) = -5*h**3 - 50*h**2 - 307*h - 3020. Give m(-10).
50
Let i(v) = 135*v + 2618. Determine i(-33).
-1837
Let i(o) = 3078*o - 24671. Give i(8).
-47
Let g(p) = 424*p - 7332. Calculate g(17).
-124
Let t(r) = 2*r**2 - 317*r - 1908. What is t(166)?
582
Let h(a) = 2063*a + 2244539. Determine h(-1088).
-5
Let l(r) = 14*r**3 + 560*r**2 + 919*r + 36757. What is l(-40)?
-3
Let m(u) = -9*u**2 + 1844*u + 1703. Give m(206).
-357
Let m(w) = 29383*w - 176273. Determine m(6).
25
Let c(t) = -44*t**2 + 3*t + 39. What is c(1)?
-2
Let p(v) = 2*v**3 + 79*v**2 + 656*v + 1371. Determine p(-29).
8
Let p(x) = -154*x**3 + 2310*x**2 + 14*x - 195. Calculate p(15).
15
Let y(g) = 9992*g + 69862. Determine y(-7).
-82
Let n(c) = -3*c**3 + 27*c**2 + 258*c - 608. Give n(2).
-8
Let b(g) = -236013*g + 22. Determine b(0).
22
Let i(p) = -21286*p + 42481. Give i(2).
-91
Let l(f) = 5*f**2 + 5499*f - 11007. What is l(2)?
11
Let s(b) = 2*b**3 + 310*b**2 - 86*b - 13222. Determine s(-155).
108
Let s(r) = 336*r + 7503. Calculate s(-22).
111
Let l(q) = 14*q**3 - 324*q**2 + 48*q - 260. Calculate l(23).
-214
Let v(z) = 3*z**2 + 4110*z + 85019. What is v(-21)?
32
Let m(k) = 333*k + 12979. Calculate m(-39).
-8
Let m(l) = -l**3 + 115*l**2 - 2035*l + 19. Calculate m(93).
1042
Let w(p) = -2*p**3 + 11*p**2 + 253*p + 472. Determine w(15).
-8
Let z(d) = 19*d**2 - 181*d - 7378. Calculate z(25).
-28
Let t(g) = 203*g - 89369. Calculate t(439).
-252
Let h(d) = -d**3 + 166*d**2 - 134*d - 5098. Determine h(165).
17
Let j(k) = -k**3 - 11*k**2 + 11*k + 202. Give j(-9).
-59
Let i(w) = -11*w**3 + 63*w**2 - 182*w + 1210. Calculate i(6).
10
Let w(f) = -9*f**2 - 442*f - 878. What is w(-47)?
15
Let b(d) = -290*d + 368. What is b(1)?
78
Let j(q) = 2*q**3 - 38*q**2 + 237*q + 52. What is j(11)?
723
Let a(s) = 3*s**3 - 69*s**2 - 4716*s + 1627. Give a(-30).
7
Let j(o) = -o**3 + 16*o**2 + 617*o - 9484. What is j(15)?
-4
Let h(x) = 39*x + 2078. Give h(-67).
-535
Let l(g) = 6*g**2 + 260*g - 401. Determine l(-42).
-737
Let q(f) = f**3 - 71*f**2 + 839*f + 4420. What is q(21)?
-11
Let x(o) = o**3 + 321*o**2 + 1847*o - 13518. Give x(-315).
27
L